{"id":87,"date":"2024-01-04T14:55:21","date_gmt":"2024-01-04T14:55:21","guid":{"rendered":"https:\/\/somol.com.br\/novo\/?page_id=87"},"modified":"2025-06-12T14:51:20","modified_gmt":"2025-06-12T14:51:20","slug":"mola-para-coqueteleira","status":"publish","type":"page","link":"https:\/\/somol.com.br\/novo\/mola-para-coqueteleira\/","title":{"rendered":"Mola para Coqueteleira"},"content":{"rendered":"\t\t<div data-elementor-type=\"wp-page\" data-elementor-id=\"87\" class=\"elementor elementor-87\">\n\t\t\t\t<div class=\"has_eae_slider elementor-element elementor-element-a865336 e-flex e-con-boxed e-con e-parent\" data-id=\"a865336\" data-element_type=\"container\" data-settings=\"{&quot;background_background&quot;:&quot;classic&quot;}\">\n\t\t\t\t\t<div class=\"e-con-inner\">\n\t\t<div class=\"has_eae_slider elementor-element elementor-element-d77aaa7 e-con-full e-flex e-con e-child\" data-id=\"d77aaa7\" data-element_type=\"container\">\n\t\t\t\t<div class=\"elementor-element elementor-element-e4e6e53 elementor-icon-list--layout-inline elementor-align-left elementor-list-item-link-full_width elementor-widget elementor-widget-icon-list\" data-id=\"e4e6e53\" data-element_type=\"widget\" data-widget_type=\"icon-list.default\">\n\t\t\t\t<div class=\"elementor-widget-container\">\n\t\t\t<link rel=\"stylesheet\" href=\"https:\/\/somol.com.br\/novo\/wp-content\/plugins\/elementor\/assets\/css\/widget-icon-list.min.css\">\t\t<ul class=\"elementor-icon-list-items elementor-inline-items\">\n\t\t\t\t\t\t\t<li class=\"elementor-icon-list-item elementor-inline-item\">\n\t\t\t\t\t\t\t\t\t\t\t<span class=\"elementor-icon-list-icon\">\n\t\t\t\t\t\t\t<svg aria-hidden=\"true\" class=\"e-font-icon-svg e-fas-map-marker-alt\" viewBox=\"0 0 384 512\" xmlns=\"http:\/\/www.w3.org\/2000\/svg\"><path d=\"M172.268 501.67C26.97 291.031 0 269.413 0 192 0 85.961 85.961 0 192 0s192 85.961 192 192c0 77.413-26.97 99.031-172.268 309.67-9.535 13.774-29.93 13.773-39.464 0zM192 272c44.183 0 80-35.817 80-80s-35.817-80-80-80-80 35.817-80 80 35.817 80 80 80z\"><\/path><\/svg>\t\t\t\t\t\t<\/span>\n\t\t\t\t\t\t\t\t\t\t<span class=\"elementor-icon-list-text\">Rua Sargento da Aeron\u00e1utica Jo\u00e3o R. Ferreira, 282 - Conj. Res. Paes de Barros - Guarulhos-SP<\/span>\n\t\t\t\t\t\t\t\t\t<\/li>\n\t\t\t\t\t\t\t\t<li class=\"elementor-icon-list-item elementor-inline-item\">\n\t\t\t\t\t\t\t\t\t\t\t<span class=\"elementor-icon-list-icon\">\n\t\t\t\t\t\t\t<svg aria-hidden=\"true\" class=\"e-font-icon-svg e-fas-envelope\" viewBox=\"0 0 512 512\" xmlns=\"http:\/\/www.w3.org\/2000\/svg\"><path d=\"M502.3 190.8c3.9-3.1 9.7-.2 9.7 4.7V400c0 26.5-21.5 48-48 48H48c-26.5 0-48-21.5-48-48V195.6c0-5 5.7-7.8 9.7-4.7 22.4 17.4 52.1 39.5 154.1 113.6 21.1 15.4 56.7 47.8 92.2 47.6 35.7.3 72-32.8 92.3-47.6 102-74.1 131.6-96.3 154-113.7zM256 320c23.2.4 56.6-29.2 73.4-41.4 132.7-96.3 142.8-104.7 173.4-128.7 5.8-4.5 9.2-11.5 9.2-18.9v-19c0-26.5-21.5-48-48-48H48C21.5 64 0 85.5 0 112v19c0 7.4 3.4 14.3 9.2 18.9 30.6 23.9 40.7 32.4 173.4 128.7 16.8 12.2 50.2 41.8 73.4 41.4z\"><\/path><\/svg>\t\t\t\t\t\t<\/span>\n\t\t\t\t\t\t\t\t\t\t<span class=\"elementor-icon-list-text\">somol@somol.com.br<\/span>\n\t\t\t\t\t\t\t\t\t<\/li>\n\t\t\t\t\t\t<\/ul>\n\t\t\t\t<\/div>\n\t\t\t\t<\/div>\n\t\t\t\t<\/div>\n\t\t<div class=\"has_eae_slider elementor-element elementor-element-3574c20 e-con-full e-flex e-con e-child\" data-id=\"3574c20\" data-element_type=\"container\">\n\t\t\t\t<div class=\"elementor-element elementor-element-52ac3f0 elementor-icon-list--layout-inline elementor-list-item-link-full_width elementor-widget elementor-widget-icon-list\" data-id=\"52ac3f0\" data-element_type=\"widget\" data-widget_type=\"icon-list.default\">\n\t\t\t\t<div class=\"elementor-widget-container\">\n\t\t\t\t\t<ul class=\"elementor-icon-list-items elementor-inline-items\">\n\t\t\t\t\t\t\t<li class=\"elementor-icon-list-item elementor-inline-item\">\n\t\t\t\t\t\t\t\t\t\t\t<a href=\"https:\/\/wa.me\/5511952553596\">\n\n\t\t\t\t\t\t\t\t\t\t\t\t<span class=\"elementor-icon-list-icon\">\n\t\t\t\t\t\t\t<svg aria-hidden=\"true\" class=\"e-font-icon-svg e-fab-whatsapp\" viewBox=\"0 0 448 512\" xmlns=\"http:\/\/www.w3.org\/2000\/svg\"><path d=\"M380.9 97.1C339 55.1 283.2 32 223.9 32c-122.4 0-222 99.6-222 222 0 39.1 10.2 77.3 29.6 111L0 480l117.7-30.9c32.4 17.7 68.9 27 106.1 27h.1c122.3 0 224.1-99.6 224.1-222 0-59.3-25.2-115-67.1-157zm-157 341.6c-33.2 0-65.7-8.9-94-25.7l-6.7-4-69.8 18.3L72 359.2l-4.4-7c-18.5-29.4-28.2-63.3-28.2-98.2 0-101.7 82.8-184.5 184.6-184.5 49.3 0 95.6 19.2 130.4 54.1 34.8 34.9 56.2 81.2 56.1 130.5 0 101.8-84.9 184.6-186.6 184.6zm101.2-138.2c-5.5-2.8-32.8-16.2-37.9-18-5.1-1.9-8.8-2.8-12.5 2.8-3.7 5.6-14.3 18-17.6 21.8-3.2 3.7-6.5 4.2-12 1.4-32.6-16.3-54-29.1-75.5-66-5.7-9.8 5.7-9.1 16.3-30.3 1.8-3.7.9-6.9-.5-9.7-1.4-2.8-12.5-30.1-17.1-41.2-4.5-10.8-9.1-9.3-12.5-9.5-3.2-.2-6.9-.2-10.6-.2-3.7 0-9.7 1.4-14.8 6.9-5.1 5.6-19.4 19-19.4 46.3 0 27.3 19.9 53.7 22.6 57.4 2.8 3.7 39.1 59.7 94.8 83.8 35.2 15.2 49 16.5 66.6 13.9 10.7-1.6 32.8-13.4 37.4-26.4 4.6-13 4.6-24.1 3.2-26.4-1.3-2.5-5-3.9-10.5-6.6z\"><\/path><\/svg>\t\t\t\t\t\t<\/span>\n\t\t\t\t\t\t\t\t\t\t<span class=\"elementor-icon-list-text\">11 95255-3596<\/span>\n\t\t\t\t\t\t\t\t\t\t\t<\/a>\n\t\t\t\t\t\t\t\t\t<\/li>\n\t\t\t\t\t\t\t\t<li class=\"elementor-icon-list-item elementor-inline-item\">\n\t\t\t\t\t\t\t\t\t\t\t<a href=\"tel:+551124889647\">\n\n\t\t\t\t\t\t\t\t\t\t\t\t<span class=\"elementor-icon-list-icon\">\n\t\t\t\t\t\t\t<svg aria-hidden=\"true\" class=\"e-font-icon-svg e-fas-phone-alt\" viewBox=\"0 0 512 512\" xmlns=\"http:\/\/www.w3.org\/2000\/svg\"><path d=\"M497.39 361.8l-112-48a24 24 0 0 0-28 6.9l-49.6 60.6A370.66 370.66 0 0 1 130.6 204.11l60.6-49.6a23.94 23.94 0 0 0 6.9-28l-48-112A24.16 24.16 0 0 0 122.6.61l-104 24A24 24 0 0 0 0 48c0 256.5 207.9 464 464 464a24 24 0 0 0 23.4-18.6l24-104a24.29 24.29 0 0 0-14.01-27.6z\"><\/path><\/svg>\t\t\t\t\t\t<\/span>\n\t\t\t\t\t\t\t\t\t\t<span class=\"elementor-icon-list-text\">11 2488-9647<\/span>\n\t\t\t\t\t\t\t\t\t\t\t<\/a>\n\t\t\t\t\t\t\t\t\t<\/li>\n\t\t\t\t\t\t\t\t<li class=\"elementor-icon-list-item elementor-inline-item\">\n\t\t\t\t\t\t\t\t\t\t\t<a href=\"tel:+551124461026\">\n\n\t\t\t\t\t\t\t\t\t\t\t\t<span class=\"elementor-icon-list-icon\">\n\t\t\t\t\t\t\t<svg aria-hidden=\"true\" class=\"e-font-icon-svg e-fas-phone-alt\" viewBox=\"0 0 512 512\" xmlns=\"http:\/\/www.w3.org\/2000\/svg\"><path d=\"M497.39 361.8l-112-48a24 24 0 0 0-28 6.9l-49.6 60.6A370.66 370.66 0 0 1 130.6 204.11l60.6-49.6a23.94 23.94 0 0 0 6.9-28l-48-112A24.16 24.16 0 0 0 122.6.61l-104 24A24 24 0 0 0 0 48c0 256.5 207.9 464 464 464a24 24 0 0 0 23.4-18.6l24-104a24.29 24.29 0 0 0-14.01-27.6z\"><\/path><\/svg>\t\t\t\t\t\t<\/span>\n\t\t\t\t\t\t\t\t\t\t<span class=\"elementor-icon-list-text\">11 2446-1026<\/span>\n\t\t\t\t\t\t\t\t\t\t\t<\/a>\n\t\t\t\t\t\t\t\t\t<\/li>\n\t\t\t\t\t\t<\/ul>\n\t\t\t\t<\/div>\n\t\t\t\t<\/div>\n\t\t\t\t<\/div>\n\t\t\t\t\t<\/div>\n\t\t\t\t<\/div>\n\t\t<div class=\"has_eae_slider elementor-element elementor-element-f8e755d e-flex e-con-boxed e-con e-parent\" data-id=\"f8e755d\" data-element_type=\"container\" data-settings=\"{&quot;background_background&quot;:&quot;classic&quot;}\">\n\t\t\t\t\t<div class=\"e-con-inner\">\n\t\t<div class=\"has_eae_slider elementor-element elementor-element-e00a042 e-con-full e-flex e-con e-child\" data-id=\"e00a042\" data-element_type=\"container\">\n\t\t\t\t<div class=\"elementor-element elementor-element-8a4ea52 elementor-widget elementor-widget-image\" data-id=\"8a4ea52\" data-element_type=\"widget\" data-widget_type=\"image.default\">\n\t\t\t\t<div class=\"elementor-widget-container\">\n\t\t\t<style>\/*! elementor - v3.23.0 - 25-07-2024 *\/\n.elementor-widget-image{text-align:center}.elementor-widget-image a{display:inline-block}.elementor-widget-image a img[src$=\".svg\"]{width:48px}.elementor-widget-image img{vertical-align:middle;display:inline-block}<\/style>\t\t\t\t\t\t\t\t\t\t<img decoding=\"async\" width=\"300\" height=\"83\" src=\"https:\/\/somol.com.br\/novo\/wp-content\/uploads\/2024\/01\/logo-site.png\" class=\"attachment-large size-large wp-image-36\" alt=\"\" \/>\t\t\t\t\t\t\t\t\t\t\t\t\t<\/div>\n\t\t\t\t<\/div>\n\t\t\t\t<\/div>\n\t\t<div class=\"has_eae_slider elementor-element elementor-element-32a8eab e-con-full e-flex e-con e-child\" data-id=\"32a8eab\" data-element_type=\"container\">\n\t\t\t\t<div class=\"elementor-element elementor-element-928c325 elementor-widget elementor-widget-ekit-nav-menu\" data-id=\"928c325\" data-element_type=\"widget\" data-widget_type=\"ekit-nav-menu.default\">\n\t\t\t\t<div class=\"elementor-widget-container\">\n\t\t\t<div class=\"ekit-wid-con ekit_menu_responsive_tablet\" data-hamburger-icon=\"\" data-hamburger-icon-type=\"icon\" data-responsive-breakpoint=\"1024\">            <button class=\"elementskit-menu-hamburger elementskit-menu-toggler\"  type=\"button\" aria-label=\"hamburger-icon\">\n                                    <span class=\"elementskit-menu-hamburger-icon\"><\/span><span class=\"elementskit-menu-hamburger-icon\"><\/span><span class=\"elementskit-menu-hamburger-icon\"><\/span>\n                            <\/button>\n            <div id=\"ekit-megamenu-principal\" class=\"elementskit-menu-container elementskit-menu-offcanvas-elements elementskit-navbar-nav-default ekit-nav-menu-one-page-no ekit-nav-dropdown-hover\"><ul id=\"menu-principal\" class=\"elementskit-navbar-nav elementskit-menu-po-right submenu-click-on-icon\"><li id=\"menu-item-33\" class=\"menu-item menu-item-type-post_type menu-item-object-page menu-item-home menu-item-33 nav-item elementskit-mobile-builder-content\" data-vertical-menu=750px><a href=\"https:\/\/somol.com.br\/novo\/\" class=\"ekit-menu-nav-link\">Home<\/a><\/li>\n<li id=\"menu-item-32\" class=\"menu-item menu-item-type-post_type menu-item-object-page menu-item-32 nav-item elementskit-mobile-builder-content\" data-vertical-menu=750px><a href=\"https:\/\/somol.com.br\/novo\/empresa\/\" class=\"ekit-menu-nav-link\">Empresa<\/a><\/li>\n<li id=\"menu-item-31\" class=\"menu-item menu-item-type-post_type menu-item-object-page menu-item-31 nav-item elementskit-mobile-builder-content\" data-vertical-menu=750px><a href=\"https:\/\/somol.com.br\/novo\/qualidade\/\" class=\"ekit-menu-nav-link\">Qualidade<\/a><\/li>\n<li id=\"menu-item-30\" class=\"menu-item menu-item-type-post_type menu-item-object-page menu-item-30 nav-item elementskit-mobile-builder-content\" data-vertical-menu=750px><a href=\"https:\/\/somol.com.br\/novo\/produtos\/\" class=\"ekit-menu-nav-link\">Produtos<\/a><\/li>\n<li id=\"menu-item-29\" class=\"menu-item menu-item-type-post_type menu-item-object-page menu-item-29 nav-item elementskit-mobile-builder-content\" data-vertical-menu=750px><a href=\"https:\/\/somol.com.br\/novo\/fale-conosco\/\" class=\"ekit-menu-nav-link\">Fale Conosco<\/a><\/li>\n<\/ul><div class=\"elementskit-nav-identity-panel\">\n\t\t\t\t<div class=\"elementskit-site-title\">\n\t\t\t\t\t<a class=\"elementskit-nav-logo\" href=\"https:\/\/somol.com.br\/novo\" target=\"_self\" rel=\"\">\n\t\t\t\t\t\t<img decoding=\"async\" src=\"\" title=\"\" alt=\"\" \/>\n\t\t\t\t\t<\/a> \n\t\t\t\t<\/div><button class=\"elementskit-menu-close elementskit-menu-toggler\" type=\"button\">X<\/button><\/div><\/div>\t\t\t\n\t\t\t<div class=\"elementskit-menu-overlay elementskit-menu-offcanvas-elements elementskit-menu-toggler ekit-nav-menu--overlay\"><\/div><\/div>\t\t<\/div>\n\t\t\t\t<\/div>\n\t\t\t\t<\/div>\n\t\t\t\t\t<\/div>\n\t\t\t\t<\/div>\n\t\t<div class=\"has_eae_slider elementor-element elementor-element-870585d e-flex e-con-boxed e-con e-parent\" data-id=\"870585d\" data-element_type=\"container\">\n\t\t\t\t\t<div class=\"e-con-inner\">\n\t\t\t\t<div class=\"elementor-element elementor-element-75a9304 elementor-widget elementor-widget-heading\" data-id=\"75a9304\" data-element_type=\"widget\" data-widget_type=\"heading.default\">\n\t\t\t\t<div class=\"elementor-widget-container\">\n\t\t\t<style>\/*! elementor - v3.23.0 - 25-07-2024 *\/\n.elementor-heading-title{padding:0;margin:0;line-height:1}.elementor-widget-heading .elementor-heading-title[class*=elementor-size-]>a{color:inherit;font-size:inherit;line-height:inherit}.elementor-widget-heading .elementor-heading-title.elementor-size-small{font-size:15px}.elementor-widget-heading .elementor-heading-title.elementor-size-medium{font-size:19px}.elementor-widget-heading .elementor-heading-title.elementor-size-large{font-size:29px}.elementor-widget-heading .elementor-heading-title.elementor-size-xl{font-size:39px}.elementor-widget-heading .elementor-heading-title.elementor-size-xxl{font-size:59px}<\/style><h2 class=\"elementor-heading-title elementor-size-default\">MOLAS PARA COQUETELEIRA<\/h2>\t\t<\/div>\n\t\t\t\t<\/div>\n\t\t\t\t\t<\/div>\n\t\t\t\t<\/div>\n\t\t<div class=\"has_eae_slider elementor-element elementor-element-4093937 e-flex e-con-boxed e-con e-parent\" data-id=\"4093937\" data-element_type=\"container\">\n\t\t\t\t\t<div class=\"e-con-inner\">\n\t\t<div class=\"has_eae_slider elementor-element elementor-element-dc47845 e-con-full e-flex e-con e-child\" data-id=\"dc47845\" data-element_type=\"container\">\n\t\t\t\t<div class=\"elementor-element elementor-element-caeda79 elementor-widget elementor-widget-image\" data-id=\"caeda79\" data-element_type=\"widget\" data-widget_type=\"image.default\">\n\t\t\t\t<div class=\"elementor-widget-container\">\n\t\t\t\t\t\t\t\t\t\t\t\t\t<img fetchpriority=\"high\" decoding=\"async\" width=\"367\" height=\"366\" src=\"https:\/\/somol.com.br\/novo\/wp-content\/uploads\/2024\/01\/comprar-mola-coqueteleira-01-1.jpg\" class=\"attachment-large size-large wp-image-191\" alt=\"\" srcset=\"https:\/\/somol.com.br\/novo\/wp-content\/uploads\/2024\/01\/comprar-mola-coqueteleira-01-1.jpg 367w, https:\/\/somol.com.br\/novo\/wp-content\/uploads\/2024\/01\/comprar-mola-coqueteleira-01-1-300x300.jpg 300w, https:\/\/somol.com.br\/novo\/wp-content\/uploads\/2024\/01\/comprar-mola-coqueteleira-01-1-150x150.jpg 150w\" sizes=\"(max-width: 367px) 100vw, 367px\" \/>\t\t\t\t\t\t\t\t\t\t\t\t\t<\/div>\n\t\t\t\t<\/div>\n\t\t\t\t<\/div>\n\t\t<div class=\"has_eae_slider elementor-element elementor-element-a37da10 e-con-full e-flex e-con e-child\" data-id=\"a37da10\" data-element_type=\"container\">\n\t\t\t\t<div class=\"elementor-element elementor-element-5f80652 elementor-widget elementor-widget-image\" data-id=\"5f80652\" data-element_type=\"widget\" data-widget_type=\"image.default\">\n\t\t\t\t<div class=\"elementor-widget-container\">\n\t\t\t\t\t\t\t\t\t\t\t\t\t<img decoding=\"async\" width=\"300\" height=\"274\" src=\"https:\/\/somol.com.br\/novo\/wp-content\/uploads\/2024\/01\/comprar-mola-coqueteleira-02.jpg\" class=\"attachment-large size-large wp-image-192\" alt=\"\" \/>\t\t\t\t\t\t\t\t\t\t\t\t\t<\/div>\n\t\t\t\t<\/div>\n\t\t\t\t<\/div>\n\t\t\t\t\t<\/div>\n\t\t\t\t<\/div>\n\t\t<div class=\"has_eae_slider elementor-element elementor-element-57a122a e-flex e-con-boxed e-con e-parent\" data-id=\"57a122a\" data-element_type=\"container\">\n\t\t\t\t\t<div class=\"e-con-inner\">\n\t\t\t\t<div class=\"elementor-element elementor-element-da00cce elementor-widget elementor-widget-text-editor\" data-id=\"da00cce\" data-element_type=\"widget\" data-widget_type=\"text-editor.default\">\n\t\t\t\t<div class=\"elementor-widget-container\">\n\t\t\t<style>\/*! elementor - v3.23.0 - 25-07-2024 *\/\n.elementor-widget-text-editor.elementor-drop-cap-view-stacked .elementor-drop-cap{background-color:#69727d;color:#fff}.elementor-widget-text-editor.elementor-drop-cap-view-framed .elementor-drop-cap{color:#69727d;border:3px solid;background-color:transparent}.elementor-widget-text-editor:not(.elementor-drop-cap-view-default) .elementor-drop-cap{margin-top:8px}.elementor-widget-text-editor:not(.elementor-drop-cap-view-default) .elementor-drop-cap-letter{width:1em;height:1em}.elementor-widget-text-editor .elementor-drop-cap{float:left;text-align:center;line-height:1;font-size:50px}.elementor-widget-text-editor .elementor-drop-cap-letter{display:inline-block}<\/style>\t\t\t\t<h2>Fun\u00e7\u00e3o das Molas da Coqueteleira<\/h2><p>Ao\u00a0<strong>comprar mola para coqueteleira<\/strong>\u00a0voc\u00ea poder\u00e1 encontrar diversas funcionalidades, elas s\u00e3o eficazes para misturar diversos tipos de ingredientes, como por exemplo: suplementos, achocolatados, sucos, shakes, claras em neve, entre outros.<\/p><h2>Mola da coqueteleira ou mola do misturador \u00e9 na Somol<\/h2><p>Na Somol voc\u00ea pode\u00a0<strong>comprar mola para coqueteleira<\/strong>\u00a0a pronta entrega, na quantidade que voc\u00ea procura,\u00a0 muito\u00a0em alta em todas as academias do Brasil, a procura por molas da coqueteleira n\u00e3o para de aumentar, aqui\u00a0os atletas est\u00e3o adquirindo este tipo de produto para compor\u00a0nas suas coqueteleiras e os fabrcricantes est\u00e3o adquirindo em grande escala.<\/p><p>A Somol oferece o melhor material para que voc\u00ea possa\u00a0<strong>comprar mola para coqueteleira<\/strong>. A Somol indica a mola feita de a\u00e7o inox importado, esta mat\u00e9ria prima elimina qualquer possibilidade de corros\u00e3o ap\u00f3s contato com os\u00a0p\u00f3s ou liquidos misturados em sua coqueteleira,\u00a0<\/p><p>Venha comprar mola para\u00a0coqueteleira na Somol e fa\u00e7a voc\u00ea mesmo o teste de corros\u00e3o em nosso laborat\u00f3rio, somente assim voc\u00ea pode\u00a0<strong>comprar mola para coqueteleira<\/strong>\u00a0com tranquilidade para diversas finalidades e\u00a0em diversos tamanhos.<\/p><p>Ao\u00a0<strong>comprar mola para coqueteleira<\/strong>\u00a0com a Somol voc\u00ea ir\u00e1 receber um certificado de grantia de qualidade.<\/p><p>A Somol \u00e9 uma empresa que produz e fabrica molas h\u00e1 mais de 25 anos no mercado, na Somol voc\u00ea pode\u00a0<strong>comprar mola para coqueteleira<\/strong>, assim como diversos outros tipos de molas que podem ser utilizadas tanto em produtos aliment\u00edcios como em produtos para instrumentos hospitalares, brinquedos, autom\u00f3veis, entre outros. A Somol fabrica molas de compress\u00e3o, tra\u00e7\u00e3o, tor\u00e7\u00e3o, prato, padronizadas, artefatos entre outros.<\/p><p>Encontre as melhores molas fabricadas com a melhor mat\u00e9ria prima no mercado na Somol. Temos um\u00a0atendimento essencial e personalizado, al\u00e9 de ooferecer\u00a0produtos com exceelencia de\u00a0qualidade. Estamos sempre dispostos a\u00a0atender conforme as suas necessidades e expectativas atrav\u00e9s de desenhos, asmostras ou especifica\u00e7\u00f5es t\u00e9cnicas.<\/p><p>Venha\u00a0<strong>comprar mola para coqueteleira<\/strong>\u00a0na Somol vamos realizar\u00a0uma an\u00e1lise da sua necessidade\u00a0para encontrar a\u00a0solu\u00e7\u00e3o ideal para o seu projeto, oferecendo solu\u00e7\u00f5es para o seu neg\u00f3cio que vai muito al\u00e9m das molas!<\/p><p>Entre em contato com a nossa equipe e realize uma consulta conforme sua necessidade, teremos satisfa\u00e7\u00e3o em atende-los.<\/p><p>Tel.: 11 <strong>95255-3596<\/strong>\u00a0\/\u00a011 <strong>2446-1026<\/strong>\u00a0\/\u00a011\u00a0<strong>2488-9647<\/strong><\/p><p>E-mail: somol@somol.com.br<\/p>\t\t\t\t\t\t<\/div>\n\t\t\t\t<\/div>\n\t\t\t\t\t<\/div>\n\t\t\t\t<\/div>\n\t\t<div class=\"has_eae_slider elementor-element elementor-element-8fae490 e-flex e-con-boxed e-con e-parent\" data-id=\"8fae490\" data-element_type=\"container\" data-settings=\"{&quot;background_background&quot;:&quot;classic&quot;}\">\n\t\t\t\t\t<div class=\"e-con-inner\">\n\t\t<div class=\"has_eae_slider elementor-element elementor-element-7299734 e-con-full e-flex e-con e-child\" data-id=\"7299734\" data-element_type=\"container\">\n\t\t\t\t<div class=\"elementor-element elementor-element-8e5bc0e elementor-widget elementor-widget-text-editor\" data-id=\"8e5bc0e\" data-element_type=\"widget\" data-widget_type=\"text-editor.default\">\n\t\t\t\t<div class=\"elementor-widget-container\">\n\t\t\t\t\t\t\t<address><strong>Somol &#8211; Industria e Com\u00e9rcio de Molas<\/strong><\/address><address>Rua Sargento da Aeron\u00e1utica Jo\u00e3o R. Ferreira, 282 &#8211; Conj. Res. Paes de Barros<br \/>Guarulhos-SP &#8211; Cep: 07182-020<\/address><p>11 95255-3596 \/ 11 <strong>2446-1026<\/strong>\u00a0\/\u00a011\u00a0<strong>2488-9647<\/strong><\/p>\t\t\t\t\t\t<\/div>\n\t\t\t\t<\/div>\n\t\t\t\t<\/div>\n\t\t<div class=\"has_eae_slider elementor-element elementor-element-3ad7f78 e-con-full e-flex e-con e-child\" data-id=\"3ad7f78\" data-element_type=\"container\">\n\t\t\t\t<div class=\"elementor-element elementor-element-33a2e50 elementor-widget elementor-widget-ekit-nav-menu\" data-id=\"33a2e50\" data-element_type=\"widget\" data-widget_type=\"ekit-nav-menu.default\">\n\t\t\t\t<div class=\"elementor-widget-container\">\n\t\t\t<div class=\"ekit-wid-con ekit_menu_responsive_tablet\" data-hamburger-icon=\"\" data-hamburger-icon-type=\"icon\" data-responsive-breakpoint=\"1024\">            <button class=\"elementskit-menu-hamburger elementskit-menu-toggler\"  type=\"button\" aria-label=\"hamburger-icon\">\n                                    <span class=\"elementskit-menu-hamburger-icon\"><\/span><span class=\"elementskit-menu-hamburger-icon\"><\/span><span class=\"elementskit-menu-hamburger-icon\"><\/span>\n                            <\/button>\n            <div id=\"ekit-megamenu-principal\" class=\"elementskit-menu-container elementskit-menu-offcanvas-elements elementskit-navbar-nav-default ekit-nav-menu-one-page-no ekit-nav-dropdown-hover\"><ul id=\"menu-principal-1\" class=\"elementskit-navbar-nav elementskit-menu-po-right submenu-click-on-icon\"><li class=\"menu-item menu-item-type-post_type menu-item-object-page menu-item-home menu-item-33 nav-item elementskit-mobile-builder-content\" data-vertical-menu=750px><a href=\"https:\/\/somol.com.br\/novo\/\" class=\"ekit-menu-nav-link\">Home<\/a><\/li>\n<li class=\"menu-item menu-item-type-post_type menu-item-object-page menu-item-32 nav-item elementskit-mobile-builder-content\" data-vertical-menu=750px><a href=\"https:\/\/somol.com.br\/novo\/empresa\/\" class=\"ekit-menu-nav-link\">Empresa<\/a><\/li>\n<li class=\"menu-item menu-item-type-post_type menu-item-object-page menu-item-31 nav-item elementskit-mobile-builder-content\" data-vertical-menu=750px><a href=\"https:\/\/somol.com.br\/novo\/qualidade\/\" class=\"ekit-menu-nav-link\">Qualidade<\/a><\/li>\n<li class=\"menu-item menu-item-type-post_type menu-item-object-page menu-item-30 nav-item elementskit-mobile-builder-content\" data-vertical-menu=750px><a href=\"https:\/\/somol.com.br\/novo\/produtos\/\" class=\"ekit-menu-nav-link\">Produtos<\/a><\/li>\n<li class=\"menu-item menu-item-type-post_type menu-item-object-page menu-item-29 nav-item elementskit-mobile-builder-content\" data-vertical-menu=750px><a href=\"https:\/\/somol.com.br\/novo\/fale-conosco\/\" class=\"ekit-menu-nav-link\">Fale Conosco<\/a><\/li>\n<\/ul><div class=\"elementskit-nav-identity-panel\">\n\t\t\t\t<div class=\"elementskit-site-title\">\n\t\t\t\t\t<a class=\"elementskit-nav-logo\" href=\"https:\/\/somol.com.br\/novo\" target=\"_self\" rel=\"\">\n\t\t\t\t\t\t<img decoding=\"async\" src=\"\" title=\"\" alt=\"\" \/>\n\t\t\t\t\t<\/a> \n\t\t\t\t<\/div><button class=\"elementskit-menu-close elementskit-menu-toggler\" type=\"button\">X<\/button><\/div><\/div>\t\t\t\n\t\t\t<div class=\"elementskit-menu-overlay elementskit-menu-offcanvas-elements elementskit-menu-toggler ekit-nav-menu--overlay\"><\/div><\/div>\t\t<\/div>\n\t\t\t\t<\/div>\n\t\t\t\t<\/div>\n\t\t\t\t\t<\/div>\n\t\t\t\t<\/div>\n\t\t\t\t<\/div>\n\t\t","protected":false},"excerpt":{"rendered":"<p>Rua Sargento da Aeron\u00e1utica Jo\u00e3o R. Ferreira, 282 &#8211; Conj. Res. Paes de Barros &#8211; Guarulhos-SP somol@somol.com.br 11 95255-3596 11 2488-9647 11 2446-1026 Home Empresa Qualidade Produtos Fale Conosco X MOLAS PARA COQUETELEIRA Fun\u00e7\u00e3o das Molas da Coqueteleira Ao\u00a0comprar mola para coqueteleira\u00a0voc\u00ea poder\u00e1 encontrar diversas funcionalidades, elas s\u00e3o eficazes para misturar diversos tipos de ingredientes, [&hellip;]<\/p>\n","protected":false},"author":1,"featured_media":0,"parent":0,"menu_order":0,"comment_status":"closed","ping_status":"closed","template":"elementor_canvas","meta":{"footnotes":""},"class_list":["post-87","page","type-page","status-publish","hentry"],"_links":{"self":[{"href":"https:\/\/somol.com.br\/novo\/wp-json\/wp\/v2\/pages\/87","targetHints":{"allow":["GET"]}}],"collection":[{"href":"https:\/\/somol.com.br\/novo\/wp-json\/wp\/v2\/pages"}],"about":[{"href":"https:\/\/somol.com.br\/novo\/wp-json\/wp\/v2\/types\/page"}],"author":[{"embeddable":true,"href":"https:\/\/somol.com.br\/novo\/wp-json\/wp\/v2\/users\/1"}],"replies":[{"embeddable":true,"href":"https:\/\/somol.com.br\/novo\/wp-json\/wp\/v2\/comments?post=87"}],"version-history":[{"count":25,"href":"https:\/\/somol.com.br\/novo\/wp-json\/wp\/v2\/pages\/87\/revisions"}],"predecessor-version":[{"id":275,"href":"https:\/\/somol.com.br\/novo\/wp-json\/wp\/v2\/pages\/87\/revisions\/275"}],"wp:attachment":[{"href":"https:\/\/somol.com.br\/novo\/wp-json\/wp\/v2\/media?parent=87"}],"curies":[{"name":"wp","href":"https:\/\/api.w.org\/{rel}","templated":true}]}}